{"id":38,"date":"2023-06-08T16:40:55","date_gmt":"2023-06-08T13:40:55","guid":{"rendered":"https:\/\/www.tikkakoski.fi\/?page_id=38"},"modified":"2024-01-05T16:38:13","modified_gmt":"2024-01-05T14:38:13","slug":"yhdistykset-ja-seurat","status":"publish","type":"page","link":"https:\/\/www.tikkakoski.fi\/?page_id=38","title":{"rendered":"Yhdistykset ja seurat"},"content":{"rendered":"\n<p><a href=\"https:\/\/jyvaskyla.4h.fi\/\" rel=\"noreferrer noopener\" target=\"_blank\">Jyv\u00e4sseudun 4H-yhdistys<\/a><\/p>\n\n\n\n<p><a href=\"http:\/\/www.jyvasseudunkiekko.fi\/\" rel=\"noreferrer noopener\" target=\"_blank\">Jyv\u00e4sseudun Kiekko<\/a><\/p>\n\n\n\n<p><a href=\"https:\/\/peda.net\/jyvaskyla\/tikkakoskenyhtenaiskoulu\/huoltajalle\/lv\" rel=\"noreferrer noopener\" target=\"_blank\">Liinalammin Koulun Vanhempainyhdistys<\/a><\/p>\n\n\n\n<p><a href=\"http:\/\/luonetjarvensotilaskoti.fi\/\" rel=\"noreferrer noopener\" target=\"_blank\">Luonetj\u00e4rven Sotilaskotiyhdistys ry<\/a><\/p>\n\n\n\n<p><a href=\"https:\/\/tikkakoski.mll.fi\/\" rel=\"noreferrer noopener\" target=\"_blank\">Mannerheimin Lastensuojeluliitto (ML<\/a>L)<\/p>\n\n\n\n<p><a href=\"https:\/\/rednet.punainenristi.fi\/node\/43922\" rel=\"noreferrer noopener\" target=\"_blank\">Punainen Risti \u2013 Tikkakoski<\/a><\/p>\n\n\n\n<p><a href=\"https:\/\/skydivejkl.fi\/\" rel=\"noreferrer noopener\" target=\"_blank\">SkyDive Jyv\u00e4skyl\u00e4 (Jyv\u00e4skyl\u00e4n laskuvarjokerho)<\/a><\/p>\n\n\n\n<p><a href=\"https:\/\/www.suomenlatu.fi\/yhdistys-ja-toimintapistehaku\/yhdistys\/tikkakosken-latu-ry.html\" rel=\"noreferrer noopener\" target=\"_blank\">Suomen Latu ry \u2013 Tikkakosken latu ry<\/a><\/p>\n\n\n\n<p><a rel=\"noreferrer noopener\" href=\"https:\/\/tikkakoskenampujat.nettisivu.org\/\" target=\"_blank\">Tikkakosken Ampujat ry<\/a><\/p>\n\n\n\n<p><a href=\"https:\/\/ilmasotakoulunkilta.fi\/\" data-type=\"link\" data-id=\"https:\/\/ilmasotakoulunkilta.fi\/\">Ilmasotakoulun Kilta ry<\/a><\/p>\n\n\n\n<p><a href=\"https:\/\/www.ilmavoimiensoittokunnantukiyhd.fi\/\" data-type=\"link\" data-id=\"https:\/\/www.ilmavoimiensoittokunnantukiyhd.fi\/\">Ilmavoimien Soittokunnan tukiyhdistys ry<\/a><\/p>\n\n\n\n<p><a href=\"https:\/\/tikkakoski.elakkeensaajat.fi\/\" rel=\"noreferrer noopener\" target=\"_blank\">Tikkakosken El\u00e4kkeensaajat ry<\/a><\/p>\n\n\n\n<p><a href=\"http:\/\/www.tikkakoskenkalamiehet.net\/\" rel=\"noreferrer noopener\" target=\"_blank\">Tikkakosken Kalamiehet ry<\/a><\/p>\n\n\n\n<p><a href=\"https:\/\/tikkakoski.senioriyhdistys.fi\/\" rel=\"noreferrer noopener\" target=\"_blank\">Tikkakosken Kansalliset Seniorit ry<\/a><\/p>\n\n\n\n<p>Tikkakosken kyl\u00e4yhdistys ry<\/p>\n\n\n\n<p><a href=\"https:\/\/www.tikkakoskenpallo.fi\/\" rel=\"noreferrer noopener\" target=\"_blank\">Tikkakosken Pallo (TiPa)<\/a><\/p>\n\n\n\n<p><a href=\"http:\/\/www.tikpar.com\/\" rel=\"noreferrer noopener\" target=\"_blank\">Tikkakosken Partiolaiset<\/a><\/p>\n\n\n\n<p><a rel=\"noreferrer noopener\" href=\"http:\/\/www.tiksu.net\/\" target=\"_blank\">Tikkakosken Suunnistajat ry<\/a><\/p>\n\n\n\n<p><a href=\"https:\/\/www.tikkakoskentikka.fi\/\" rel=\"noreferrer noopener\" target=\"_blank\">Tikkakosken Tikka ry (urheiluseura)<\/a><\/p>\n\n\n\n<p><a href=\"https:\/\/tivoli.sporttisaitti.com\/\" rel=\"noreferrer noopener\" target=\"_blank\">Tikkakosken Voimistelu- ja Liikuntaseura ry (TiVoLi)<\/a><\/p>\n\n\n\n<p><a href=\"https:\/\/peda.net\/jyvaskyla\/tikkakoskenyhtenaiskoulu\/huoltajalle\/vanhempainyhdistys\" rel=\"noreferrer noopener\" target=\"_blank\">Tikkakosken Yhten\u00e4iskoulun Vanhempainyhdistys<\/a><\/p>\n","protected":false},"excerpt":{"rendered":"<p>Jyv\u00e4sseudun 4H-yhdistys Jyv\u00e4sseudun Kiekko Liinalammin Koulun Vanhempainyhdistys Luonetj\u00e4rven Sotilaskotiyhdistys ry Mannerheimin Lastensuojeluliitto (MLL) Punainen Risti \u2013 Tikkakoski SkyDive Jyv\u00e4skyl\u00e4 (Jyv\u00e4skyl\u00e4n laskuvarjokerho) Suomen Latu ry \u2013 Tikkakosken latu ry Tikkakosken Ampujat ry Ilmasotakoulun Kilta ry Ilmavoimien Soittokunnan tukiyhdistys ry Tikkakosken El\u00e4kkeensaajat ry Tikkakosken Kalamiehet ry Tikkakosken Kansalliset Seniorit ry Tikkakosken kyl\u00e4yhdistys ry Tikkakosken Pallo (TiPa) Tikkakosken &#8230; <a title=\"Yhdistykset ja seurat\" class=\"read-more\" href=\"https:\/\/www.tikkakoski.fi\/?page_id=38\" aria-label=\"Lue lis\u00e4\u00e4 aiheesta Yhdistykset ja seurat\">Lue lis\u00e4\u00e4<\/a><\/p>\n","protected":false},"author":2,"featured_media":306,"parent":19,"menu_order":0,"comment_status":"closed","ping_status":"closed","template":"","meta":{"footnotes":""},"class_list":["post-38","page","type-page","status-publish","has-post-thumbnail"],"_links":{"self":[{"href":"https:\/\/www.tikkakoski.fi\/index.php?rest_route=\/wp\/v2\/pages\/38","targetHints":{"allow":["GET"]}}],"collection":[{"href":"https:\/\/www.tikkakoski.fi\/index.php?rest_route=\/wp\/v2\/pages"}],"about":[{"href":"https:\/\/www.tikkakoski.fi\/index.php?rest_route=\/wp\/v2\/types\/page"}],"author":[{"embeddable":true,"href":"https:\/\/www.tikkakoski.fi\/index.php?rest_route=\/wp\/v2\/users\/2"}],"replies":[{"embeddable":true,"href":"https:\/\/www.tikkakoski.fi\/index.php?rest_route=%2Fwp%2Fv2%2Fcomments&post=38"}],"version-history":[{"count":7,"href":"https:\/\/www.tikkakoski.fi\/index.php?rest_route=\/wp\/v2\/pages\/38\/revisions"}],"predecessor-version":[{"id":309,"href":"https:\/\/www.tikkakoski.fi\/index.php?rest_route=\/wp\/v2\/pages\/38\/revisions\/309"}],"up":[{"embeddable":true,"href":"https:\/\/www.tikkakoski.fi\/index.php?rest_route=\/wp\/v2\/pages\/19"}],"wp:featuredmedia":[{"embeddable":true,"href":"https:\/\/www.tikkakoski.fi\/index.php?rest_route=\/wp\/v2\/media\/306"}],"wp:attachment":[{"href":"https:\/\/www.tikkakoski.fi\/index.php?rest_route=%2Fwp%2Fv2%2Fmedia&parent=38"}],"curies":[{"name":"wp","href":"https:\/\/api.w.org\/{rel}","templated":true}]}}