{"id":30,"date":"2023-06-08T16:40:01","date_gmt":"2023-06-08T13:40:01","guid":{"rendered":"https:\/\/www.tikkakoski.fi\/?page_id=30"},"modified":"2024-04-01T19:24:32","modified_gmt":"2024-04-01T16:24:32","slug":"koulut-ja-paivakodit","status":"publish","type":"page","link":"https:\/\/www.tikkakoski.fi\/?page_id=30","title":{"rendered":"Koulut ja p\u00e4iv\u00e4kodit"},"content":{"rendered":"\n<p><strong>P\u00e4iv\u00e4kodit<\/strong><\/p>\n\n\n\n<figure class=\"wp-block-gallery has-nested-images columns-default is-cropped wp-block-gallery-1 is-layout-flex wp-block-gallery-is-layout-flex\">\n<figure class=\"wp-block-image size-large\"><img loading=\"lazy\" decoding=\"async\" width=\"640\" height=\"360\" data-id=\"107\" src=\"https:\/\/www.tikkakoski.fi\/wp-content\/uploads\/2023\/06\/liinalammin-paivakoti-kesa.jpg\" alt=\"\" class=\"wp-image-107\" srcset=\"https:\/\/www.tikkakoski.fi\/wp-content\/uploads\/2023\/06\/liinalammin-paivakoti-kesa.jpg 640w, https:\/\/www.tikkakoski.fi\/wp-content\/uploads\/2023\/06\/liinalammin-paivakoti-kesa-300x169.jpg 300w\" sizes=\"auto, (max-width: 640px) 100vw, 640px\" \/><\/figure>\n\n\n\n<figure class=\"wp-block-image size-large\"><img loading=\"lazy\" decoding=\"async\" width=\"640\" height=\"360\" data-id=\"108\" src=\"https:\/\/www.tikkakoski.fi\/wp-content\/uploads\/2023\/06\/luonetjarven_paivakoti-1.jpg\" alt=\"\" class=\"wp-image-108\" srcset=\"https:\/\/www.tikkakoski.fi\/wp-content\/uploads\/2023\/06\/luonetjarven_paivakoti-1.jpg 640w, https:\/\/www.tikkakoski.fi\/wp-content\/uploads\/2023\/06\/luonetjarven_paivakoti-1-300x169.jpg 300w\" sizes=\"auto, (max-width: 640px) 100vw, 640px\" \/><\/figure>\n\n\n\n<figure class=\"wp-block-image size-large\"><img loading=\"lazy\" decoding=\"async\" width=\"640\" height=\"360\" data-id=\"109\" src=\"https:\/\/www.tikkakoski.fi\/wp-content\/uploads\/2023\/06\/tikkakosken-paivakoti-2.jpg\" alt=\"\" class=\"wp-image-109\" srcset=\"https:\/\/www.tikkakoski.fi\/wp-content\/uploads\/2023\/06\/tikkakosken-paivakoti-2.jpg 640w, https:\/\/www.tikkakoski.fi\/wp-content\/uploads\/2023\/06\/tikkakosken-paivakoti-2-300x169.jpg 300w\" sizes=\"auto, (max-width: 640px) 100vw, 640px\" \/><\/figure>\n<\/figure>\n\n\n\n<p><a href=\"https:\/\/www.jyvaskyla.fi\/varhaiskasvatus\/varhaiskasvatus-jyvaskylassa\/paivakodit\/tikkakoski\" data-type=\"URL\" data-id=\"https:\/\/www.jyvaskyla.fi\/varhaiskasvatus\/varhaiskasvatus-jyvaskylassa\/paivakodit\/tikkakoski\">Tikkakosken P\u00e4iv\u00e4kodit<\/a><\/p>\n\n\n\n<p>P\u00e4iv\u00e4koti Tarina Oy<br>Tikkakoskentie&nbsp; 50 B, 41160 Tikkakoski , puh.014 3783601<\/p>\n\n\n\n<p><\/p>\n\n\n\n<p><strong>Tikkakosken p\u00e4iv\u00e4koti<\/strong><\/p>\n\n\n\n<p>Tikkakosken p\u00e4iv\u00e4koti sijaitsee Tikkakosken keskustassa. P\u00e4iv\u00e4kodissa on 1-5-vuotiaiden lasten ryhmi\u00e4, joissa huomioidaan lapsen ik\u00e4 ja yksil\u00f6lliset tarpeet. P\u00e4iv\u00e4koti on avoinna arkisin p\u00e4\u00e4s\u00e4\u00e4nt\u00f6isesti klo 6.30-17.00.<\/p>\n\n\n\n<h5 class=\"wp-block-heading\">Ryhm\u00e4t<\/h5>\n\n\n\n<ul class=\"wp-block-list\">\n<li><strong>Puput<\/strong>&nbsp;p. 050 311 8420<\/li>\n\n\n\n<li><strong>Ketut&nbsp;<\/strong>p.&nbsp;050 5761 444<\/li>\n\n\n\n<li><strong>Pantterit&nbsp;<\/strong>p. 050 5761313<\/li>\n<\/ul>\n\n\n\n<p><strong>Tikkakosken koulut:<\/strong><\/p>\n\n\n\n<p><a href=\"https:\/\/peda.net\/jyvaskyla\/tikkakoskenyhtenaiskoulu\" rel=\"noreferrer noopener\" target=\"_blank\">Tikkakosken koulut \u2013 Tikkakosken yhten\u00e4iskoulu<\/a><br>Alakoululaiset on jaettu kahteen kouluun; Liinalammin koulua k\u00e4yv\u00e4t 1.-4. luokkalaiset,&nbsp;<br>5-6. luokkalaiset Luonetj\u00e4rven koulua. Tikkakosken yl\u00e4koululla opiskelevat 7-9. luokkalaiset.<\/p>\n\n\n\n<figure class=\"wp-block-image size-large\"><img loading=\"lazy\" decoding=\"async\" width=\"1024\" height=\"576\" src=\"https:\/\/www.tikkakoski.fi\/wp-content\/uploads\/2023\/06\/Yhtenaiskoulu-1024x576.jpg\" alt=\"\" class=\"wp-image-100\" srcset=\"https:\/\/www.tikkakoski.fi\/wp-content\/uploads\/2023\/06\/Yhtenaiskoulu-1024x576.jpg 1024w, https:\/\/www.tikkakoski.fi\/wp-content\/uploads\/2023\/06\/Yhtenaiskoulu-300x169.jpg 300w, https:\/\/www.tikkakoski.fi\/wp-content\/uploads\/2023\/06\/Yhtenaiskoulu-768x432.jpg 768w, https:\/\/www.tikkakoski.fi\/wp-content\/uploads\/2023\/06\/Yhtenaiskoulu.jpg 1280w\" sizes=\"auto, (max-width: 1024px) 100vw, 1024px\" \/><\/figure>\n","protected":false},"excerpt":{"rendered":"<p>P\u00e4iv\u00e4kodit Tikkakosken P\u00e4iv\u00e4kodit P\u00e4iv\u00e4koti Tarina OyTikkakoskentie&nbsp; 50 B, 41160 Tikkakoski , puh.014 3783601 Tikkakosken p\u00e4iv\u00e4koti Tikkakosken p\u00e4iv\u00e4koti sijaitsee Tikkakosken keskustassa. P\u00e4iv\u00e4kodissa on 1-5-vuotiaiden lasten ryhmi\u00e4, joissa huomioidaan lapsen ik\u00e4 ja yksil\u00f6lliset tarpeet. P\u00e4iv\u00e4koti on avoinna arkisin p\u00e4\u00e4s\u00e4\u00e4nt\u00f6isesti klo 6.30-17.00. Ryhm\u00e4t Tikkakosken koulut: Tikkakosken koulut \u2013 Tikkakosken yhten\u00e4iskouluAlakoululaiset on jaettu kahteen kouluun; Liinalammin koulua k\u00e4yv\u00e4t 1.-4. &#8230; <a title=\"Koulut ja p\u00e4iv\u00e4kodit\" class=\"read-more\" href=\"https:\/\/www.tikkakoski.fi\/?page_id=30\" aria-label=\"Lue lis\u00e4\u00e4 aiheesta Koulut ja p\u00e4iv\u00e4kodit\">Lue lis\u00e4\u00e4<\/a><\/p>\n","protected":false},"author":2,"featured_media":244,"parent":19,"menu_order":0,"comment_status":"closed","ping_status":"closed","template":"","meta":{"footnotes":""},"class_list":["post-30","page","type-page","status-publish","has-post-thumbnail"],"_links":{"self":[{"href":"https:\/\/www.tikkakoski.fi\/index.php?rest_route=\/wp\/v2\/pages\/30","targetHints":{"allow":["GET"]}}],"collection":[{"href":"https:\/\/www.tikkakoski.fi\/index.php?rest_route=\/wp\/v2\/pages"}],"about":[{"href":"https:\/\/www.tikkakoski.fi\/index.php?rest_route=\/wp\/v2\/types\/page"}],"author":[{"embeddable":true,"href":"https:\/\/www.tikkakoski.fi\/index.php?rest_route=\/wp\/v2\/users\/2"}],"replies":[{"embeddable":true,"href":"https:\/\/www.tikkakoski.fi\/index.php?rest_route=%2Fwp%2Fv2%2Fcomments&post=30"}],"version-history":[{"count":6,"href":"https:\/\/www.tikkakoski.fi\/index.php?rest_route=\/wp\/v2\/pages\/30\/revisions"}],"predecessor-version":[{"id":282,"href":"https:\/\/www.tikkakoski.fi\/index.php?rest_route=\/wp\/v2\/pages\/30\/revisions\/282"}],"up":[{"embeddable":true,"href":"https:\/\/www.tikkakoski.fi\/index.php?rest_route=\/wp\/v2\/pages\/19"}],"wp:featuredmedia":[{"embeddable":true,"href":"https:\/\/www.tikkakoski.fi\/index.php?rest_route=\/wp\/v2\/media\/244"}],"wp:attachment":[{"href":"https:\/\/www.tikkakoski.fi\/index.php?rest_route=%2Fwp%2Fv2%2Fmedia&parent=30"}],"curies":[{"name":"wp","href":"https:\/\/api.w.org\/{rel}","templated":true}]}}