{"id":19,"date":"2023-06-08T15:08:55","date_gmt":"2023-06-08T12:08:55","guid":{"rendered":"https:\/\/www.tikkakoski.fi\/?page_id=19"},"modified":"2026-01-23T11:02:06","modified_gmt":"2026-01-23T09:02:06","slug":"paikallistoimijat","status":"publish","type":"page","link":"https:\/\/www.tikkakoski.fi\/?page_id=19","title":{"rendered":"Paikallistoimijat"},"content":{"rendered":"\n<p><\/p>\n\n\n\n<p><em>Puuttuuko listasta jokin yritys tai onko jokin yritys lopettanut toimintansa?<\/em><\/p>\n\n\n\n<p><em>Ilmoita:&nbsp;<strong>info.tikkakoski@gmail.com<\/strong><\/em><\/p>\n\n\n\n<p><strong>AJONEUVOT JA HUOLTO<\/strong><\/p>\n\n\n\n<p><a href=\"https:\/\/www.vettepeikko.fi\/contact\/\">Vettepeikko Oy<\/a><br>Corvettekorjaamo<br>Korpikuusentie 6, Tikkakoski<br>tel\/whatsapp: +358 45 2234070<\/p>\n\n\n\n<p>Rengasliike Paussu Oy<br>Rajaniementie 31, Puuppola<br>Puh. 050 5476876,&nbsp;Puh. 0400 241027<br><a href=\"https:\/\/www.rengasliikepaussu.fi\/\" target=\"_blank\" rel=\"noreferrer noopener\">rengasliikepaussu.fi<\/a><br>myynti@rengaspaussu.fi<\/p>\n\n\n\n<p><strong>APTEEKKI JA L\u00c4\u00c4KEPALVELUT<\/strong><\/p>\n\n\n\n<p><a href=\"http:\/\/www.tikkakoskenapteekki.fi\/\" rel=\"noreferrer noopener\" target=\"_blank\">Tikkakosken Apteekki<\/a><\/p>\n\n\n\n<p><strong>EL\u00c4INPALVELUT<\/strong><\/p>\n\n\n\n<p><a href=\"https:\/\/www.laumahallussa.fi\/\" rel=\"noreferrer noopener\" target=\"_blank\">Lomituspalvelu ja koirahieronta Lauma Hallussa<\/a><\/p>\n\n\n\n<p>Tikkakosken koirahoitola<br>Tuomolantie 29, Tikkakoski, puh.&nbsp;040 5964160<\/p>\n\n\n\n<p><a href=\"https:\/\/rauskula.fi\/\"> Rauskula<\/a><br>Trimmausta ja turkin huoltoa&nbsp;<br>Puh. 0500 130087 (Maria) iltaisin<\/p>\n\n\n\n<p><br><strong>IT- PALVELUT, VALO- JA VIDEOKUVAUS<\/strong><br><br>&nbsp;<a href=\"https:\/\/www.aski-itpalvelut.fi\/\" target=\"_blank\" rel=\"noreferrer noopener\">Luotettavat IT-Palvelut Jyv\u00e4skyl\u00e4ss\u00e4 &#8211; Tuki, Kehitys, Huolto &amp; AI | Aski<\/a><br>olli@aski-itpalvelut.fi<\/p>\n\n\n\n<p><\/p>\n\n\n\n<p><a rel=\"noreferrer noopener\" href=\"http:\/\/www.studiokumpula.fi\/\" target=\"_blank\">Studio Kumpulan valokuvaajat<\/a><br>Iina Kautto ja Maija Kemell<br>Liinalammenkatu 13, Tikkakoski<\/p>\n\n\n\n<p>Valokuvaaja Kristiina Kontoniemi<br>puh.&nbsp;044 5873749<\/p>\n\n\n\n<p><strong>Perhevalokuvaaja<\/strong><br>ILO Visuals, Newborn- &amp; perhevalokuvaaja&nbsp;Iina Pannula<br>Liinalamminkatu 13, 41160 Tikkakoski<br>ilovisualss@gmail.com \/ p. 0451528950<br><a href=\"https:\/\/www.ilovisuals.com\/\">ILO VISUALS<\/a><\/p>\n\n\n\n<p><strong>EL\u00c4MYKSI\u00c4<\/strong><br>Keramiikkakurssit ja keramiikkataidetta<br>Loviisan luova tila<br>Unskinkatu 2 41160 TIKKAKOSKI<br>MINKKINENLOVIISA@GMAIL.COM<br><a href=\"https:\/\/www.loviisaminkkinen.com\/\">Keramiikkakurssit ja keramiikkataidetta &#8211; Loviisan luova tila<\/a><\/p>\n\n\n\n<p><br><strong>MAINOSTOIMISTO<\/strong><\/p>\n\n\n\n<p><strong>Tehosta Oy<\/strong><br><a href=\"http:\/\/www.tehosta.pro\/\" target=\"_blank\" rel=\"noreferrer noopener\">www.tehosta.pro<\/a><br>Korvenkuja, Tikkakoski<br>Nettisivut, valokuvaus, graafinen suunnittelu<br>Pien- ja mikroyritysten mainostoimisto<\/p>\n\n\n\n<p><br><strong>HUONEKALUT, KAIHTIMET, K\u00c4YTT\u00d6ESINEET<\/strong><\/p>\n\n\n\n<p><a href=\"http:\/\/puustikki.fi\/\" rel=\"noreferrer noopener\" target=\"_blank\">Puustikki Oy<\/a><\/p>\n\n\n\n<p><strong>JUHLA- JA VIIHDEPALVELUT<\/strong><\/p>\n\n\n\n<p><a href=\"https:\/\/www.aeronaut.fi\/fi\/yritys.html\" rel=\"noreferrer noopener\" target=\"_blank\">Aeronaut Kuumailmapallolennot<\/a><br>Hiskinkuja 7,&nbsp;41160 TIKKAKOSKI&nbsp;<br>Puh. (0500) 243 518<br>E-mail: info(at)aeronaut.fi<\/p>\n\n\n\n<p><a href=\"http:\/\/ranssinkievari.fi\/\" rel=\"noreferrer noopener\" target=\"_blank\">R\u00e4nssin Kievari<\/a><br>Kuikantie 340 41140 Jyv\u00e4skyl\u00e4 puh.014 3110086&nbsp;<\/p>\n\n\n\n<p><strong>KAHVILAT, KONDITORIAT, RAVINTOLAT<\/strong><\/p>\n\n\n\n<p><a href=\"http:\/\/tikkatupa.fi\/\" rel=\"noreferrer noopener\" target=\"_blank\">Elintarvikekioski Tikkatupa<\/a><br>Pizzat ja grilliruuat<br>Kirkkokatu 1, Tikkakoski, puh 014 3751567<\/p>\n\n\n\n<p>Lounaskahvila Stiina<br>Kirkkokatu 15,&nbsp; Tikkakoski,&nbsp; Puh 040 064 1868<\/p>\n\n\n\n<p>Luonet Inn ravintola &amp; pub<br>Pizzeria&nbsp; Ravintola Labella<br>Ruokailu paikanp\u00e4\u00e4ll\u00e4, noutoruoka ja kotiinkuljetus<br>Kirkkokatu 1,&nbsp; Tikkakoski, puh 014 3751373<\/p>\n\n\n\n<p><a href=\"http:\/\/www.ranssinkievari.fi\/\" target=\"_blank\" rel=\"noreferrer noopener\">R\u00e4nssin Kievari<\/a><br>Kuikantie 340, 41140 Jyv\u00e4skyl\u00e4<br>puh. 014 3110086&nbsp;<br>Majoitus, juhlapalvelu, el\u00e4mykset<\/p>\n\n\n\n<p><a href=\"http:\/\/luonetjarvensotilaskoti.fi\/\" rel=\"noreferrer noopener\" target=\"_blank\">Luonetj\u00e4rven Sotilaskoti<\/a><br>S\u00e4hk\u00f6posti: sode@luonetjarvensotilaskoti.fi&nbsp;<\/p>\n\n\n\n<p>Sky Cafe &amp; Food<br>Lentoasemantie 98 Jyv\u00e4skyl\u00e4&nbsp;<\/p>\n\n\n\n<p>Suomen Ilmavoimamuseon kahvila<br>Tikkakoskentie 125,&nbsp; Tikkakoski&nbsp;<\/p>\n\n\n\n<p>Tmi Kari Hujanen \u2013 Pitopalvelu<br>JUHANINKUJA 5,&nbsp; Tikkakoski,&nbsp; puh. 040 5036288<\/p>\n\n\n\n<p><strong>HOIVAPALVELUT<\/strong><\/p>\n\n\n\n<p>Uudet Tuulet<br><a href=\"https:\/\/uudettuulethoiva.fi\/\" target=\"_blank\" rel=\"noreferrer noopener\">https:\/\/uudettuulethoiva.fi\/<\/a><br>Kotipalvelu p. 045 613 4340 (ma-pe klo 8-16)<br>Lastenyksikk\u00f6 Villa Kotinurmi p. 050 4784384<br>Aihkikuja 1, 41160 Tikkakoski<\/p>\n\n\n\n<p>Hoivapalvelu Heli Toivonen<br><a href=\"http:\/\/www.hoivapalveluheli.fi\/\" target=\"_blank\" rel=\"noreferrer noopener\">www.hoivapalveluheli.fi<\/a>&nbsp;<br>p. 040 8418023.<br><br><strong>KAUPAT JA LAHJATAVARALIIKKEET<\/strong><\/p>\n\n\n\n<p><a href=\"https:\/\/www.k-ruoka.fi\/kauppa\/k-market-tikkari\" rel=\"noreferrer noopener\" target=\"_blank\">K-Market Tikkari<\/a><\/p>\n\n\n\n<p><a href=\"https:\/\/www.tikkakosken-helluntaisrk.net\/kirpputori\" rel=\"noreferrer noopener\" target=\"_blank\">L\u00e4hetyskirpputori<\/a><br>Koivulammenkatu 1, 41160 Tikkakoski<\/p>\n\n\n\n<p>Putiikki Fanni<br>Lahjatavarat ja kodintuotteet<br>Kirkkokatu 1 , Tikkakoski, puh.&nbsp;040 5848050<\/p>\n\n\n\n<p>S-Market Tikkakoski<br>Tervaruukinkatu 1,&nbsp; Tikkakoski<\/p>\n\n\n\n<p><strong>KIINTEIST\u00d6ALAN PALVELUT<\/strong><br><a href=\"https:\/\/thrpalvelu.fi\/\" rel=\"noreferrer noopener\" target=\"_blank\">Tikkakosken Teollisuustalo Oy \u2013 THR Palvelu Oy<\/a><br>Kiinteist\u00f6alan palvelutoimisto&nbsp;<\/p>\n\n\n\n<p><strong>KIRJANPITOPALVELUT<\/strong><\/p>\n\n\n\n<p><a href=\"http:\/\/www.tilikuu.fi\" data-type=\"link\" data-id=\"www.tilikuu.fi\">A. Ollin Tilikuu<\/a><br>Lennostontie 4 E,&nbsp; Tikkakoski, puh&nbsp; 040 7251 434<br>E-mail: anne.olli@tilikuu.fi<\/p>\n\n\n\n<p>Tmi Hiironen Aija<br>Purokuja 8,&nbsp; Tikkakoski, puh. 045 677 7180<\/p>\n\n\n\n<p>Tilitoimisto Kirsi Viitanen<br>Kaivohaankatu 5,&nbsp; Tikkakoski, puh.&nbsp;&nbsp;040 758 4888<\/p>\n\n\n\n<p><strong>KONEPAJATEOLLISUUS JA METALLITY\u00d6T<\/strong><\/p>\n\n\n\n<p>Sorhio Oy<br>Elementtitie 3,&nbsp; Tikkakoski&nbsp;<br>Toimiala: Muiden metallit\u00f6iden valmistus<\/p>\n\n\n\n<p>Steel Comet Solution<br>Auton vuokraus<br>Kaposenm\u00e4entie 20, 41140 Kuikka&nbsp;<br>Puh. 050 564 9019&nbsp;<\/p>\n\n\n\n<p>Tasowheel Tikka Oy<\/p>\n\n\n\n<p><a href=\"https:\/\/www.konepajahakkinen.fi\/\" rel=\"noreferrer noopener\" target=\"_blank\">Tikkakosken Konepaja<\/a><\/p>\n\n\n\n<p>Tikka Spikes Oy<\/p>\n\n\n\n<p><strong>KOTIAPU JA SIIVOUS<\/strong><\/p>\n\n\n\n<p>Terhimaaria Oy<br><a rel=\"noreferrer noopener\" href=\"http:\/\/www.terhimaaria.fi\/\" target=\"_blank\">www.terhimaaria.fi<\/a><br><a rel=\"noreferrer noopener\" href=\"mailto:terhi.kontio@terhimaaria.fi\" target=\"_blank\">terhi.kontio@terhimaaria.fi<\/a><\/p>\n\n\n\n<p>Siivouspalvelu Humalajoki<br><a href=\"https:\/\/siivouspalvelu.info\/\">Siivouspalvelu Jyv\u00e4skyl\u00e4 ja koko Keski-Suomi<\/a><\/p>\n\n\n\n<p>Salokuja 4,<br>41160&nbsp;Tikkakoski<\/p>\n\n\n\n<p><\/p>\n\n\n\n<p><strong>KUKKAKAUPPA<\/strong><br><br><a href=\"https:\/\/kukkajahautaustoimisto.fi\/\">Kukkakauppa ja Hautaustoimisto  Takanen<\/a><br>Toiminta Tikkakoskella <br>puh. 0400 640231 ja 0400 405 696<br>Joonas Takanen<br>PALVELUT MY\u00d6S JYV\u00c4SKYL\u00c4SS\u00c4.<br><br><a href=\"https:\/\/www.slowflowersfinland.fi\/viljelija-esittely\/kukaties-garden\">Kukaties Garden \u2014 Slow Flowers Finland<\/a><br>Leikkokukkatila Jyv\u00e4skyl\u00e4n Tikkakoskella<br>Tervajoentie, Tikkakoski040 730 6799<br><a href=\"mailto:kati.m.kumpulainen@gmail.com\" target=\"_blank\" rel=\"noreferrer noopener\">kati.m.kumpulainen@gmail.com<\/a><\/p>\n\n\n\n<p><\/p>\n\n\n\n<p><strong>KUNTOPALVELUT, HYVINVOINTI, KAUNEUSPALVELUT<\/strong><\/p>\n\n\n\n<p><a href=\"https:\/\/www.akupunktiojahoitojylha.fi\/\" target=\"_blank\" rel=\"noreferrer noopener\">Akupunktio ja Hoito Jylh\u00e4<\/a><br><em>Autiosuontie 13,&nbsp;<strong>&nbsp;<\/strong><\/em>Tikkakoski<br>Ajanvaraus: www.nettiaika.fi\/jylha Puh. 0400 777 221&nbsp;<br><br>Padel Tikka<br>2 ulkopelikentt\u00e4\u00e4<br>Liinalammenkatu 13, Tikkakoski<br><a href=\"http:\/\/www.padeltikka.fi\/\">http:\/\/www.padeltikka.fi\/<\/a><\/p>\n\n\n\n<p>Kuntosali\u00a0<a href=\"http:\/\/motivia.fi\/\" target=\"_blank\" rel=\"noreferrer noopener\">Club Motivia<br><\/a>Kirkkokatu 11,\u00a0 Tikkakoski<br>puh: 045 8562766 (asiakaspalvelu)<br><br><a href=\"https:\/\/hierontarentoranka.fi\/\" target=\"_blank\" rel=\"noreferrer noopener\">Hieronta Rentoranka<\/a><\/p>\n\n\n\n<p><a rel=\"noreferrer noopener\" href=\"https:\/\/hoitohuoneaurinkoinen.com\/\" target=\"_blank\">Hoitohuone Aurinkoinen<\/a><br>Lymfaterapeutti, jalkojenhoitaja&nbsp;<br>Kirkkokatu 1 41160 Tikkakoski<br>Puh. 040-966 4957<br><br>J\u00e4senkorjaamo Marjo<br>Sikom\u00e4entie 407 41140 Kuikka&nbsp;<br>Puh. 040 5697156&nbsp;<\/p>\n\n\n\n<p><a href=\"http:\/\/www.tikkakoskenhoitopiste.fi\" data-type=\"link\" data-id=\"www.tikkakoskenhoitopiste.fi\">Kauneus- ja jalkahoitola Tikkakosken hoitopiste &amp; Ompelimo<\/a><br>puh. 014 375 2638<br><\/p>\n\n\n\n<p><a href=\"http:\/\/roimakunto.fi\/\" rel=\"noreferrer noopener\" target=\"_blank\">RoiMa-Kunto<\/a><br>Kirkkokatu 11, Tikkakoski<br>Fysioterapia<\/p>\n\n\n\n<p>Sari Minkkinen<br>Hieronta, kuntoutus<br>Vaahterakuja 4, Tikkakoski<br>puh. 040 743962<\/p>\n\n\n\n<p><a href=\"https:\/\/www.tehotikka.fi\/yhteystiedot\/\" target=\"_blank\" rel=\"noreferrer noopener\">Tehotikka<\/a><br>Hieronta<br>Tervaskatu 2 B, Tikkakoski<br>Puh. 0400 758 860&nbsp;<\/p>\n\n\n\n<p>Seija V\u00e4h\u00e4s\u00f6yrinki<br>Hieroja<br>Nummisuutarintie 13, TIKKAKOSKI<br>Puh. 0456321711<br><a href=\"http:\/\/seijavahasoyrinki.fi\" data-type=\"link\" data-id=\"seijavahasoyrinki.fi\">seijavahasoyrinki.fi<\/a><\/p>\n\n\n\n<p><\/p>\n\n\n\n<p><strong>ROLEN BEAUTY<\/strong><br>Kynsiteknikon kynsistudio<br><a href=\"https:\/\/sites.booksalon.fi\/rolen-beauty\">Rolen Beauty (booksalon.fi)<\/a><br>Laurinkatu 21 41160 Jyv\u00e4skyl\u00e4<br>Puh. 040 419 5021<\/p>\n\n\n\n<p><\/p>\n\n\n\n<h6 class=\"wp-block-heading\"><strong>LELUT JA LASTENTARVIKKEET<\/strong><\/h6>\n\n\n\n<p>Evolead Oy<br>Hietaj\u00e4rventie 8, 41160 Tikkakoski&nbsp;<br>puh. 040 353 9356<br><\/p>\n\n\n\n<p><strong>OMPELIMOPALVELUT\/ERIKOISKORJAUKSET<\/strong><\/p>\n\n\n\n<p><strong>Nahkurinna<\/strong><br>Satuloiden sovitukset, toppaukset, muokkaukset ja korjaukset. Silojen korjaus ja muokkaus.<br>Noviisinkatu 9-11 c 11&nbsp;<br>41160 Tikkakoski<br>Puh. 0505930210<br><a href=\"https:\/\/www.facebook.com\/search\/top?q=nahkurinna\">nahkurinna<\/a><\/p>\n\n\n\n<p><a href=\"http:\/\/www.tikkakoskenhoitopiste.fi\" data-type=\"link\" data-id=\"www.tikkakoskenhoitopiste.fi\">Ompelimo &amp; Kauneus- ja jalkahoitola&nbsp;<\/a><br>Hakakatu 6 D, Tikkakoski, puh. 014 375 2638<br><\/p>\n\n\n\n<p>Tilkkutarina<br>Muiden vaatteiden ja asusteiden valmistus&nbsp;<br>Samulinkuja 8, Tikkakoski, puh&nbsp;&nbsp;040 4106791<\/p>\n\n\n\n<p><strong>PARTURI- JA KAMPAAMOPALVELUT<\/strong><\/p>\n\n\n\n<p>Parturi-Kampaamo Anna-Liisa Bergman (puh. 040 773 3219)<\/p>\n\n\n\n<p>Parturi-Kampaamo Me 2<br>Kirkkokatu 1, Tikkakoski,&nbsp;Puh. 014 375 1214&nbsp;<\/p>\n\n\n\n<p>Tikkakosken Hiussoppi<br>Kirkkokatu 1, Tikkakoski, Puh.014 3752641<\/p>\n\n\n\n<p><strong>P\u00c4IV\u00c4HOITO (YKSITYINEN)<\/strong><\/p>\n\n\n\n<p>P\u00e4iv\u00e4koti Tarina Oy<br>Tikkakoksentie 50 B, Tikkakoski&nbsp;<br>puh.&nbsp;014 3783601<\/p>\n\n\n\n<p><strong>RAKENNUSPALVELUT JA ERIKOISTY\u00d6KALUT<\/strong><\/p>\n\n\n\n<p><a href=\"https:\/\/www.jrtools.fi\/\" rel=\"noreferrer noopener\" target=\"_blank\">JrTools<\/a><\/p>\n\n\n\n<p>Lastuavia erikoisty\u00f6kaluja metalliteollisuudelle vuodesta 1973 l\u00e4htien.&nbsp;<br>Kirkkokatu 11,&nbsp; Tikkakoski<br>sales@jrtools.fi.&nbsp;<\/p>\n\n\n\n<p><a href=\"https:\/\/www.terassilasitukset.fi\/yhteystiedot\" rel=\"noreferrer noopener\" target=\"_blank\">Keski-Suomen Terassilasitus<\/a><br>Teemme lasitust\u00f6it\u00e4 asiakasl\u00e4ht\u00f6isell\u00e4 ja l\u00e4mminhenkisell\u00e4 palvelulla.&nbsp;<br>Elementtikuja 6, Tikkakoski, puh.&nbsp;050 443 2013<\/p>\n\n\n\n<p>KH-putkitus (LVI-ty\u00f6t)<br class=\"\">Autiokankaantie 8, Tikkakoski<br>Kimmo Hokkala, puh.0400501362<\/p>\n\n\n\n<p><a href=\"https:\/\/lvi-urakointikuokkanen.com\">LVI-Urakointi Kuokkanen Oy<\/a><br>Liinalamminkatu 1, Tikkakoski,&nbsp;<br>Santtu Kuokkanen,&nbsp;Puh. 045 13 79 095<br>santtu@lvi-urakointikuokkanen.com<\/p>\n\n\n\n<p><strong><a href=\"https:\/\/www.maanrakennuslehtonen.fi\/\" rel=\"noreferrer noopener\" target=\"_blank\">Maanrakennusliike Valter Lehtonen Oy<\/a><br><\/strong>Meilt\u00e4 saat maanrakentamis-, rakentamis- ja kiinteist\u00f6hoitoty\u00f6t ammattitaidolla.<br>Elementtitie 10, Tikkakoski, puh 0400 246300&nbsp;<strong><\/strong><\/p>\n\n\n\n<p><strong><a href=\"https:\/\/vikenpelti.fi\/\" rel=\"noreferrer noopener\" target=\"_blank\">Viken Pelti Oy<\/a><\/strong><br>Kattoremontit ja rakennuspalvelut Jyv\u00e4skyl\u00e4n alueella.<br>Elementtikuja 2, Tikkakoski, puh.&nbsp;050 587 6045<br><\/p>\n\n\n\n<p><strong>TAKSI- JA TILAUSAJOPALVELUT<\/strong><\/p>\n\n\n\n<p><a href=\"http:\/\/bussimiehet-oy.kuljettaa.fi\/\" rel=\"noreferrer noopener\" target=\"_blank\"><strong>Bussimiehet Oy<\/strong><\/a><br>Liinakatu 21, 41160 Tikkakoski , puh.050 561 1540<br><br><a href=\"https:\/\/www.tilausliikennepaajanen.fi\/\" rel=\"noreferrer noopener\" target=\"_blank\"><strong>Tilausliikenne Paajanen Oy<\/strong><\/a><br>Tilauslikenne, pikkubussi 040 7377 796<br>Tavaraliikenne, kuriiri 040 7377 796<br>Taksi 0400 344 866<br><a href=\"mailto:tilaukset@tilausliikennepaajanen.fi\" target=\"_blank\" rel=\"noreferrer noopener\">tilaukset@tilausliikennepaajanen.fi<\/a><br>Laurinkatu 15, Tikkakoski, JYV\u00c4SKYL\u00c4 (kartta)<\/p>\n\n\n\n<p>Tmi. Tuomo V\u00e4is\u00e4nen<br>Oksatie, Tikkakoski<br>Puh.&nbsp;014 3753031, tai&nbsp;040 0542218<\/p>\n\n\n\n<p><strong>TERAPIA<\/strong><\/p>\n\n\n\n<p><a href=\"https:\/\/www.terapiakultahippu.fi\/\" rel=\"noreferrer noopener\" target=\"_blank\">Terapia Kultahippu<\/a><\/p>\n\n\n\n<p><strong>VUOKRAUS- JA MAJOITUSPALVELUT<\/strong><\/p>\n\n\n\n<p>M &amp; S RentmiX<br>Auton vuokraus<br>Kaposenm\u00e4entie 20, 41140 Kuikka ,Puh.050 564 9019&nbsp;<br>msrentmix@gmail.com&nbsp;<\/p>\n\n\n\n<p><a href=\"https:\/\/www.ranssinkievari.fi\/\" rel=\"noreferrer noopener\" target=\"_blank\">R\u00e4nssin Kievari<\/a><br>Majoitus ja juhlapalvelut<\/p>\n\n\n\n<p><a href=\"https:\/\/www.tapsanmokit.com\/\" rel=\"noreferrer noopener\" target=\"_blank\">Tapsanm\u00f6kit<\/a><br>Majoitus, paljuvuokra<\/p>\n\n\n\n<p><strong>MUUT<\/strong><\/p>\n\n\n\n<p><a href=\"https:\/\/ilmavoimat.fi\/ilmasotakoulu\" rel=\"noreferrer noopener\" target=\"_blank\">Ilmasotakoulu<\/a><\/p>\n\n\n\n<p><a href=\"https:\/\/www.finavia.fi\/fi\/lentoasemat\/jyvaskyla\" rel=\"noreferrer noopener\" target=\"_blank\">Jyv\u00e4skyl\u00e4n lentoasema<\/a><\/p>\n\n\n\n<p><a rel=\"noreferrer noopener\" href=\"https:\/\/ilmavoimamuseo.fi\/\" target=\"_blank\">Suomen Ilmavoimamuseo<\/a><\/p>\n\n\n\n<p><a href=\"https:\/\/www.tikkakosken-helluntaisrk.net\/kirpputori\">Helluntaiseurakunnan kirpputori<\/a><br>Koivulammenkatu 1,  TIKKAKOSKI<\/p>\n\n\n\n<p>Myyd\u00e4\u00e4n polttopuita \u2013 Matti Ahonen<br>puh. 044 238 3720, email ahonenmatti@gmail.com<\/p>\n\n\n\n<p><\/p>\n","protected":false},"excerpt":{"rendered":"<p>Puuttuuko listasta jokin yritys tai onko jokin yritys lopettanut toimintansa? Ilmoita:&nbsp;info.tikkakoski@gmail.com AJONEUVOT JA HUOLTO Vettepeikko OyCorvettekorjaamoKorpikuusentie 6, Tikkakoskitel\/whatsapp: +358 45 2234070 Rengasliike Paussu OyRajaniementie 31, PuuppolaPuh. 050 5476876,&nbsp;Puh. 0400 241027rengasliikepaussu.fimyynti@rengaspaussu.fi APTEEKKI JA L\u00c4\u00c4KEPALVELUT Tikkakosken Apteekki EL\u00c4INPALVELUT Lomituspalvelu ja koirahieronta Lauma Hallussa Tikkakosken koirahoitolaTuomolantie 29, Tikkakoski, puh.&nbsp;040 5964160 RauskulaTrimmausta ja turkin huoltoa&nbsp;Puh. 0500 130087 (Maria) iltaisin &#8230; <a title=\"Paikallistoimijat\" class=\"read-more\" href=\"https:\/\/www.tikkakoski.fi\/?page_id=19\" aria-label=\"Lue lis\u00e4\u00e4 aiheesta Paikallistoimijat\">Lue lis\u00e4\u00e4<\/a><\/p>\n","protected":false},"author":2,"featured_media":244,"parent":0,"menu_order":0,"comment_status":"closed","ping_status":"closed","template":"","meta":{"footnotes":""},"class_list":["post-19","page","type-page","status-publish","has-post-thumbnail"],"_links":{"self":[{"href":"https:\/\/www.tikkakoski.fi\/index.php?rest_route=\/wp\/v2\/pages\/19","targetHints":{"allow":["GET"]}}],"collection":[{"href":"https:\/\/www.tikkakoski.fi\/index.php?rest_route=\/wp\/v2\/pages"}],"about":[{"href":"https:\/\/www.tikkakoski.fi\/index.php?rest_route=\/wp\/v2\/types\/page"}],"author":[{"embeddable":true,"href":"https:\/\/www.tikkakoski.fi\/index.php?rest_route=\/wp\/v2\/users\/2"}],"replies":[{"embeddable":true,"href":"https:\/\/www.tikkakoski.fi\/index.php?rest_route=%2Fwp%2Fv2%2Fcomments&post=19"}],"version-history":[{"count":47,"href":"https:\/\/www.tikkakoski.fi\/index.php?rest_route=\/wp\/v2\/pages\/19\/revisions"}],"predecessor-version":[{"id":445,"href":"https:\/\/www.tikkakoski.fi\/index.php?rest_route=\/wp\/v2\/pages\/19\/revisions\/445"}],"wp:featuredmedia":[{"embeddable":true,"href":"https:\/\/www.tikkakoski.fi\/index.php?rest_route=\/wp\/v2\/media\/244"}],"wp:attachment":[{"href":"https:\/\/www.tikkakoski.fi\/index.php?rest_route=%2Fwp%2Fv2%2Fmedia&parent=19"}],"curies":[{"name":"wp","href":"https:\/\/api.w.org\/{rel}","templated":true}]}}