{"id":15,"date":"2023-06-08T15:07:23","date_gmt":"2023-06-08T12:07:23","guid":{"rendered":"https:\/\/www.tikkakoski.fi\/?page_id=15"},"modified":"2024-04-01T19:22:44","modified_gmt":"2024-04-01T16:22:44","slug":"asuminen-tikkakoskella","status":"publish","type":"page","link":"https:\/\/www.tikkakoski.fi\/?page_id=15","title":{"rendered":"Asuminen Tikkakoskella"},"content":{"rendered":"\n<p><\/p>\n\n\n\n<p>Jyv\u00e4skyl\u00e4n pohjoisosassa sijaitseva Tikkakoski-Nyr\u00f6l\u00e4 suuralue, on n. 6000 asukkaan taajama n. 20 km:n p\u00e4\u00e4ss\u00e4 Jyv\u00e4skyl\u00e4st\u00e4.<\/p>\n\n\n\n<p>Tikkakosken asuinalueet ovat nuorekasta ja tasaisesti kasvavia. Tikkakoski-taajaman asuinalueet ovat Kummunm\u00e4ki, Liinalampi, It\u00e4ranta, L\u00e4nsiranta, Luonetj\u00e4rvi, Tunnelinm\u00e4ki sek\u00e4 Autiokangas. My\u00f6s Kuikka, Nyr\u00f6l\u00e4 sek\u00e4 osa M\u00f6kkiper\u00e4\u00e4 ja Jylh\u00e4nper\u00e4\u00e4 kuuluvat Tikkakoskeen.<\/p>\n\n\n\n<p>Tikkakoskella vuokra-asuntoja p\u00e4\u00e4s\u00e4\u00e4nt\u00f6isesti tarjoavat Jyv\u00e4skyl\u00e4n&nbsp;<a rel=\"noreferrer noopener\" href=\"https:\/\/www.jva.fi\/\" target=\"_blank\">Vuokra-asunnot (JVA)<\/a> sek\u00e4&nbsp;<a rel=\"noreferrer noopener\" href=\"https:\/\/www.kruunuasunnot.fi\/\" target=\"_blank\">Kruunuasunnot Oy<\/a>.<\/p>\n\n\n\n<p>Yksityisi\u00e4 asuntoja ja tontteja l\u00f6yd\u00e4t sek\u00e4 Etuovi.com ett\u00e4 Vuokraovi.com -palveluista.<\/p>\n\n\n\n<p>Julkiset kulkuyhteydet kulkevat arkena kerran pari tunnissa ja omalla autolla p\u00e4\u00e4see vartissa Jyv\u00e4skyl\u00e4n keskustaan. Viikonloppuisin paikallisliikenteen linja-autot kulkevat kerran tunnissa klo 23 saakka.<\/p>\n\n\n\n<p>Tikkakosken tunnusmerkkej\u00e4 ovat mm. lentokentt\u00e4 ja Ilmavoimamuseo. Tikkakoskella toimii my\u00f6s puolustusvoimat (Jyv\u00e4skyl\u00e4n varuskunta). <br><\/p>\n\n\n\n<p>Tikkakoskelta l\u00f6ytyv\u00e4t ala- ja yl\u00e4aste, liikuntahalli, j\u00e4\u00e4halli sek\u00e4 kirjasto. Terveyspalvelut sijaitsevat Tikkakosken terveysasemalla, Kirkkokatu 3. Kunnallisten palvelujen lis\u00e4ksi Tikkakosken alueelta l\u00f6ytyy my\u00f6s p\u00e4ivitt\u00e4istavaraliikkeit\u00e4, pizzeria, apteekki,  asiamiesposti ja teollisuusaluetta.<\/p>\n\n\n\n<p>Tikkakoskella on vahva liikuntakulttuuri. Alueella toimivia urheiluseuroja ovat mm. Tikkakosken Tikka ja Tikkakosken voimistelu- ja liikuntaseura (TiVoLi), sek\u00e4 salibandyyn ja lentopalloon erikoistunut Tikkakosken Pallo (TiPa).<br>Tikkakoskella on my\u00f6s aktiivista j\u00e4\u00e4kiekkotoimintaa. J\u00e4\u00e4hallia k\u00e4ytt\u00e4\u00e4 kotikentt\u00e4n\u00e4 Jyv\u00e4sseudun Kiekko ry (JyKi), joka tarjoaa toimintaa kiekkokoulusta alkaen kaikissa ik\u00e4luokissa.&nbsp;<\/p>\n\n\n\n<p>Tikkakoskella j\u00e4rjestet\u00e4\u00e4n joka kes\u00e4 Tikkakosken Tohinat -tapahtuma. J\u00e4rjestelyist\u00e4 vastaa&nbsp;Tikkakosken kyl\u00e4yhdistys ry.<\/p>\n","protected":false},"excerpt":{"rendered":"<p>Jyv\u00e4skyl\u00e4n pohjoisosassa sijaitseva Tikkakoski-Nyr\u00f6l\u00e4 suuralue, on n. 6000 asukkaan taajama n. 20 km:n p\u00e4\u00e4ss\u00e4 Jyv\u00e4skyl\u00e4st\u00e4. Tikkakosken asuinalueet ovat nuorekasta ja tasaisesti kasvavia. Tikkakoski-taajaman asuinalueet ovat Kummunm\u00e4ki, Liinalampi, It\u00e4ranta, L\u00e4nsiranta, Luonetj\u00e4rvi, Tunnelinm\u00e4ki sek\u00e4 Autiokangas. My\u00f6s Kuikka, Nyr\u00f6l\u00e4 sek\u00e4 osa M\u00f6kkiper\u00e4\u00e4 ja Jylh\u00e4nper\u00e4\u00e4 kuuluvat Tikkakoskeen. Tikkakoskella vuokra-asuntoja p\u00e4\u00e4s\u00e4\u00e4nt\u00f6isesti tarjoavat Jyv\u00e4skyl\u00e4n&nbsp;Vuokra-asunnot (JVA) sek\u00e4&nbsp;Kruunuasunnot Oy. Yksityisi\u00e4 asuntoja ja tontteja &#8230; <a title=\"Asuminen Tikkakoskella\" class=\"read-more\" href=\"https:\/\/www.tikkakoski.fi\/?page_id=15\" aria-label=\"Lue lis\u00e4\u00e4 aiheesta Asuminen Tikkakoskella\">Lue lis\u00e4\u00e4<\/a><\/p>\n","protected":false},"author":2,"featured_media":244,"parent":0,"menu_order":0,"comment_status":"closed","ping_status":"closed","template":"","meta":{"footnotes":""},"class_list":["post-15","page","type-page","status-publish","has-post-thumbnail"],"_links":{"self":[{"href":"https:\/\/www.tikkakoski.fi\/index.php?rest_route=\/wp\/v2\/pages\/15","targetHints":{"allow":["GET"]}}],"collection":[{"href":"https:\/\/www.tikkakoski.fi\/index.php?rest_route=\/wp\/v2\/pages"}],"about":[{"href":"https:\/\/www.tikkakoski.fi\/index.php?rest_route=\/wp\/v2\/types\/page"}],"author":[{"embeddable":true,"href":"https:\/\/www.tikkakoski.fi\/index.php?rest_route=\/wp\/v2\/users\/2"}],"replies":[{"embeddable":true,"href":"https:\/\/www.tikkakoski.fi\/index.php?rest_route=%2Fwp%2Fv2%2Fcomments&post=15"}],"version-history":[{"count":7,"href":"https:\/\/www.tikkakoski.fi\/index.php?rest_route=\/wp\/v2\/pages\/15\/revisions"}],"predecessor-version":[{"id":303,"href":"https:\/\/www.tikkakoski.fi\/index.php?rest_route=\/wp\/v2\/pages\/15\/revisions\/303"}],"wp:featuredmedia":[{"embeddable":true,"href":"https:\/\/www.tikkakoski.fi\/index.php?rest_route=\/wp\/v2\/media\/244"}],"wp:attachment":[{"href":"https:\/\/www.tikkakoski.fi\/index.php?rest_route=%2Fwp%2Fv2%2Fmedia&parent=15"}],"curies":[{"name":"wp","href":"https:\/\/api.w.org\/{rel}","templated":true}]}}