{"id":140,"date":"2023-08-01T15:33:54","date_gmt":"2023-08-01T12:33:54","guid":{"rendered":"https:\/\/www.tikkakoski.fi\/?page_id=140"},"modified":"2026-03-21T15:24:02","modified_gmt":"2026-03-21T13:24:02","slug":"ajankohtaista","status":"publish","type":"page","link":"https:\/\/www.tikkakoski.fi\/?page_id=140","title":{"rendered":"Tikkakosken Tohinat"},"content":{"rendered":"\n<p>Tikkakosken Tohinat J\u00e4rjestet\u00e4\u00e4n &#8211; 16.8-23.8.2026<br>Tarkempi ohjelma julkaistaan my\u00f6hemmin.<br>Tohinoiden suurin yksitt\u00e4inen tapahtuma Tohinatori j\u00e4rjestet\u00e4\u00e4n Ilmavoimamuseon piha-alueella  22.8 klo 10-14<\/p>\n\n\n\n<p><br><\/p>\n\n\n\n<p>Kuvia 2025 Tohinatorilta<\/p>\n\n\n\n<div class=\"wp-block-columns is-layout-flex wp-container-core-columns-is-layout-9d6595d7 wp-block-columns-is-layout-flex\">\n<div class=\"wp-block-column is-layout-flow wp-block-column-is-layout-flow\" style=\"flex-basis:100%\">\n<figure class=\"wp-block-image size-large\"><img loading=\"lazy\" decoding=\"async\" width=\"1001\" height=\"1024\" src=\"https:\/\/www.tikkakoski.fi\/wp-content\/uploads\/2025\/09\/IMG_6442-1-1001x1024.jpg\" alt=\"\" class=\"wp-image-438\" srcset=\"https:\/\/www.tikkakoski.fi\/wp-content\/uploads\/2025\/09\/IMG_6442-1-1001x1024.jpg 1001w, https:\/\/www.tikkakoski.fi\/wp-content\/uploads\/2025\/09\/IMG_6442-1-293x300.jpg 293w, https:\/\/www.tikkakoski.fi\/wp-content\/uploads\/2025\/09\/IMG_6442-1-768x786.jpg 768w, https:\/\/www.tikkakoski.fi\/wp-content\/uploads\/2025\/09\/IMG_6442-1.jpg 1292w\" sizes=\"auto, (max-width: 1001px) 100vw, 1001px\" \/><\/figure>\n\n\n\n<p>VUODEN 2025 TIKKAKOSKELAISET. <br>Kalle Tossavainen ja Liinalammen vanhempaintoimikunta.<\/p>\n<\/div>\n<\/div>\n\n\n\n<p class=\"has-medium-font-size\"> LIINALAMMEN VANHEMPAINTOIMIKUNTA<\/p>\n\n\n\n<p>Liinalammen vanhempaintoimikunta n\u00e4ytti viime syksyn\u00e4 Liinalammen koulun lakkautusuhassa upeaa esimerkki\u00e4, kuinka tavalliset kyl\u00e4l\u00e4iset voivat vaikuttaa itselleen t\u00e4rkeisiin asioihin ja pit\u00e4\u00e4 pienemm\u00e4n puolia. Tavalliset vanhemmat oman p\u00e4iv\u00e4ty\u00f6ns\u00e4 ja perhe-el\u00e4m\u00e4ns\u00e4 ohella:<\/p>\n\n\n\n<p>&#8211; selvittiv\u00e4t kunnan p\u00e4\u00e4t\u00f6ksentekoprosessia, tilan faktoja ja vaihtoehtoisia ratkaisuja<\/p>\n\n\n\n<p>&#8211; vaikuttivat sek\u00e4 virallisia hallinnollisia kanavia pitkin ett\u00e4 suorilla yhteydenotoilla p\u00e4\u00e4t\u00f6ksentekij\u00f6ihin<\/p>\n\n\n\n<p>&#8211; saivat asialleen huomattavaa julkisuutta sanomalehtien, radion ja sosiaalisen median kautta.<\/p>\n\n\n\n<p class=\"has-medium-font-size\">Lopputuloksena saavutettiin torjuntavoitto: lakkautuksen sijaan Liinalammen eput ja toput saivat j\u00e4\u00e4d\u00e4 omaan l\u00e4hikouluun. T\u00e4m\u00e4 on hieno esimerkki siit\u00e4, miten paljon merkityst\u00e4 pienell\u00e4 joukolla tavallisia ihmisi\u00e4 voi olla! Vanhempaintoimikunta sai kaupungin virkamiehilt\u00e4 ja p\u00e4\u00e4tt\u00e4jilt\u00e4 positiivista palautetta huolellisesta perehtymisest\u00e4 asiaan ja hyvin valmistelluista ja perustelluista ehdotuksista.<\/p>\n\n\n\n<p>KALLE TOSSAVAINEN<\/p>\n\n\n\n<p>18-vuotias Schildin urheilulukiota k\u00e4yv\u00e4 nuori hiiht\u00e4j\u00e4 on valittu Suomen U20-maajoukkueeseen. Kalle on harrastanut pitk\u00e4\u00e4n yleisurheilua, hiihtoa ja jalkapalloa. H\u00e4n on nyt erikoistunut muutaman vuoden pelk\u00e4st\u00e4\u00e4n hiihtoon ja erilaisia Suomen mestaruuksia l\u00f6ytyy paljon.<\/p>\n\n\n\n<p>T\u00e4m\u00e4n vuoden 2025 puolella Kalle on hiiht\u00e4nyt mm. kolme nuorten Suomen mestaruutta, saavuttanut pronssia nuorten talviolympia festivaaleilla Georgiassa ja Pohjoismaiden mestaruustason mitalin Norjassa.<\/p>\n\n\n\n<p>Kalle Tossavainen on ollut esilla mm. Palokka-lehdess\u00e4, Kauppa Suomi -lehdess\u00e4 ja Keskisuomalaisessa ja jutuista on aina tullut ilmi, ett\u00e4 Kalle on tikkakoskelainen.<\/p>\n\n\n\n<p>Iloinen ja sosiaalinen Kalle tuo Tikkakoskea esille pirte\u00e4ll\u00e4, nuorekkaalla ja fiksulla tavalla.<\/p>\n\n\n\n<p><img loading=\"lazy\" decoding=\"async\" height=\"16\" width=\"16\" alt=\"\ud83c\udf38\" src=\"https:\/\/static.xx.fbcdn.net\/images\/emoji.php\/v9\/tf0\/1\/16\/1f338.png\"> Kukat vuoden tikkakoskelaisille t\u00e4n\u00e4 vuonna lahjoitti paikallinen Kukaties Garden.<\/p>\n\n\n\n<figure class=\"wp-block-gallery has-nested-images columns-default is-cropped wp-block-gallery-1 is-layout-flex wp-block-gallery-is-layout-flex\">\n<figure class=\"wp-block-image size-large\"><img loading=\"lazy\" decoding=\"async\" width=\"1024\" height=\"803\" data-id=\"437\" src=\"https:\/\/www.tikkakoski.fi\/wp-content\/uploads\/2025\/09\/IMG_6458-1024x803.jpg\" alt=\"\" class=\"wp-image-437\" srcset=\"https:\/\/www.tikkakoski.fi\/wp-content\/uploads\/2025\/09\/IMG_6458-1024x803.jpg 1024w, https:\/\/www.tikkakoski.fi\/wp-content\/uploads\/2025\/09\/IMG_6458-300x235.jpg 300w, https:\/\/www.tikkakoski.fi\/wp-content\/uploads\/2025\/09\/IMG_6458-768x602.jpg 768w, https:\/\/www.tikkakoski.fi\/wp-content\/uploads\/2025\/09\/IMG_6458-1536x1205.jpg 1536w, https:\/\/www.tikkakoski.fi\/wp-content\/uploads\/2025\/09\/IMG_6458.jpg 1752w\" sizes=\"auto, (max-width: 1024px) 100vw, 1024px\" \/><\/figure>\n\n\n\n<figure class=\"wp-block-image size-large\"><img loading=\"lazy\" decoding=\"async\" width=\"870\" height=\"1024\" data-id=\"436\" src=\"https:\/\/www.tikkakoski.fi\/wp-content\/uploads\/2025\/09\/IMG_6471-870x1024.jpg\" alt=\"\" class=\"wp-image-436\" srcset=\"https:\/\/www.tikkakoski.fi\/wp-content\/uploads\/2025\/09\/IMG_6471-870x1024.jpg 870w, https:\/\/www.tikkakoski.fi\/wp-content\/uploads\/2025\/09\/IMG_6471-255x300.jpg 255w, https:\/\/www.tikkakoski.fi\/wp-content\/uploads\/2025\/09\/IMG_6471-768x904.jpg 768w, https:\/\/www.tikkakoski.fi\/wp-content\/uploads\/2025\/09\/IMG_6471-1305x1536.jpg 1305w, https:\/\/www.tikkakoski.fi\/wp-content\/uploads\/2025\/09\/IMG_6471.jpg 1512w\" sizes=\"auto, (max-width: 870px) 100vw, 870px\" \/><\/figure>\n\n\n\n<figure class=\"wp-block-image size-large\"><img loading=\"lazy\" decoding=\"async\" width=\"1024\" height=\"653\" data-id=\"435\" src=\"https:\/\/www.tikkakoski.fi\/wp-content\/uploads\/2025\/09\/IMG_6462-1024x653.jpg\" alt=\"\" class=\"wp-image-435\" srcset=\"https:\/\/www.tikkakoski.fi\/wp-content\/uploads\/2025\/09\/IMG_6462-1024x653.jpg 1024w, https:\/\/www.tikkakoski.fi\/wp-content\/uploads\/2025\/09\/IMG_6462-300x191.jpg 300w, https:\/\/www.tikkakoski.fi\/wp-content\/uploads\/2025\/09\/IMG_6462-768x490.jpg 768w, https:\/\/www.tikkakoski.fi\/wp-content\/uploads\/2025\/09\/IMG_6462-1536x979.jpg 1536w, https:\/\/www.tikkakoski.fi\/wp-content\/uploads\/2025\/09\/IMG_6462.jpg 2016w\" sizes=\"auto, (max-width: 1024px) 100vw, 1024px\" \/><\/figure>\n\n\n\n<figure class=\"wp-block-image size-large\"><img loading=\"lazy\" decoding=\"async\" width=\"1024\" height=\"335\" data-id=\"433\" src=\"https:\/\/www.tikkakoski.fi\/wp-content\/uploads\/2025\/09\/IMG_6424-1024x335.jpg\" alt=\"\" class=\"wp-image-433\" srcset=\"https:\/\/www.tikkakoski.fi\/wp-content\/uploads\/2025\/09\/IMG_6424-1024x335.jpg 1024w, https:\/\/www.tikkakoski.fi\/wp-content\/uploads\/2025\/09\/IMG_6424-300x98.jpg 300w, https:\/\/www.tikkakoski.fi\/wp-content\/uploads\/2025\/09\/IMG_6424-768x251.jpg 768w, https:\/\/www.tikkakoski.fi\/wp-content\/uploads\/2025\/09\/IMG_6424-1536x503.jpg 1536w, https:\/\/www.tikkakoski.fi\/wp-content\/uploads\/2025\/09\/IMG_6424.jpg 2016w\" sizes=\"auto, (max-width: 1024px) 100vw, 1024px\" \/><\/figure>\n\n\n\n<figure class=\"wp-block-image size-large\"><img loading=\"lazy\" decoding=\"async\" width=\"1024\" height=\"487\" data-id=\"432\" src=\"https:\/\/www.tikkakoski.fi\/wp-content\/uploads\/2025\/09\/IMG_6427-1024x487.jpg\" alt=\"\" class=\"wp-image-432\" srcset=\"https:\/\/www.tikkakoski.fi\/wp-content\/uploads\/2025\/09\/IMG_6427-1024x487.jpg 1024w, https:\/\/www.tikkakoski.fi\/wp-content\/uploads\/2025\/09\/IMG_6427-300x143.jpg 300w, https:\/\/www.tikkakoski.fi\/wp-content\/uploads\/2025\/09\/IMG_6427-768x365.jpg 768w, https:\/\/www.tikkakoski.fi\/wp-content\/uploads\/2025\/09\/IMG_6427-1536x731.jpg 1536w, https:\/\/www.tikkakoski.fi\/wp-content\/uploads\/2025\/09\/IMG_6427.jpg 1917w\" sizes=\"auto, (max-width: 1024px) 100vw, 1024px\" \/><\/figure>\n\n\n\n<figure class=\"wp-block-image size-large\"><img loading=\"lazy\" decoding=\"async\" width=\"1024\" height=\"311\" data-id=\"431\" src=\"https:\/\/www.tikkakoski.fi\/wp-content\/uploads\/2025\/09\/IMG_6411-1024x311.jpg\" alt=\"\" class=\"wp-image-431\" srcset=\"https:\/\/www.tikkakoski.fi\/wp-content\/uploads\/2025\/09\/IMG_6411-1024x311.jpg 1024w, https:\/\/www.tikkakoski.fi\/wp-content\/uploads\/2025\/09\/IMG_6411-300x91.jpg 300w, https:\/\/www.tikkakoski.fi\/wp-content\/uploads\/2025\/09\/IMG_6411-768x234.jpg 768w, https:\/\/www.tikkakoski.fi\/wp-content\/uploads\/2025\/09\/IMG_6411-1536x467.jpg 1536w, https:\/\/www.tikkakoski.fi\/wp-content\/uploads\/2025\/09\/IMG_6411.jpg 2016w\" sizes=\"auto, (max-width: 1024px) 100vw, 1024px\" \/><\/figure>\n\n\n\n<figure class=\"wp-block-image size-large\"><img loading=\"lazy\" decoding=\"async\" width=\"1024\" height=\"341\" data-id=\"430\" src=\"https:\/\/www.tikkakoski.fi\/wp-content\/uploads\/2025\/09\/IMG_6422-1024x341.jpg\" alt=\"\" class=\"wp-image-430\" srcset=\"https:\/\/www.tikkakoski.fi\/wp-content\/uploads\/2025\/09\/IMG_6422-1024x341.jpg 1024w, https:\/\/www.tikkakoski.fi\/wp-content\/uploads\/2025\/09\/IMG_6422-300x100.jpg 300w, https:\/\/www.tikkakoski.fi\/wp-content\/uploads\/2025\/09\/IMG_6422-768x256.jpg 768w, https:\/\/www.tikkakoski.fi\/wp-content\/uploads\/2025\/09\/IMG_6422-1536x512.jpg 1536w, https:\/\/www.tikkakoski.fi\/wp-content\/uploads\/2025\/09\/IMG_6422.jpg 1872w\" sizes=\"auto, (max-width: 1024px) 100vw, 1024px\" \/><\/figure>\n<\/figure>\n","protected":false},"excerpt":{"rendered":"<p>Tikkakosken Tohinat J\u00e4rjestet\u00e4\u00e4n &#8211; 16.8-23.8.2026Tarkempi ohjelma julkaistaan my\u00f6hemmin.Tohinoiden suurin yksitt\u00e4inen tapahtuma Tohinatori j\u00e4rjestet\u00e4\u00e4n Ilmavoimamuseon piha-alueella 22.8 klo 10-14 Kuvia 2025 Tohinatorilta VUODEN 2025 TIKKAKOSKELAISET. Kalle Tossavainen ja Liinalammen vanhempaintoimikunta. LIINALAMMEN VANHEMPAINTOIMIKUNTA Liinalammen vanhempaintoimikunta n\u00e4ytti viime syksyn\u00e4 Liinalammen koulun lakkautusuhassa upeaa esimerkki\u00e4, kuinka tavalliset kyl\u00e4l\u00e4iset voivat vaikuttaa itselleen t\u00e4rkeisiin asioihin ja pit\u00e4\u00e4 pienemm\u00e4n puolia. Tavalliset vanhemmat &#8230; <a title=\"Tikkakosken Tohinat\" class=\"read-more\" href=\"https:\/\/www.tikkakoski.fi\/?page_id=140\" aria-label=\"Lue lis\u00e4\u00e4 aiheesta Tikkakosken Tohinat\">Lue lis\u00e4\u00e4<\/a><\/p>\n","protected":false},"author":3,"featured_media":0,"parent":0,"menu_order":0,"comment_status":"closed","ping_status":"closed","template":"","meta":{"footnotes":""},"class_list":["post-140","page","type-page","status-publish"],"_links":{"self":[{"href":"https:\/\/www.tikkakoski.fi\/index.php?rest_route=\/wp\/v2\/pages\/140","targetHints":{"allow":["GET"]}}],"collection":[{"href":"https:\/\/www.tikkakoski.fi\/index.php?rest_route=\/wp\/v2\/pages"}],"about":[{"href":"https:\/\/www.tikkakoski.fi\/index.php?rest_route=\/wp\/v2\/types\/page"}],"author":[{"embeddable":true,"href":"https:\/\/www.tikkakoski.fi\/index.php?rest_route=\/wp\/v2\/users\/3"}],"replies":[{"embeddable":true,"href":"https:\/\/www.tikkakoski.fi\/index.php?rest_route=%2Fwp%2Fv2%2Fcomments&post=140"}],"version-history":[{"count":33,"href":"https:\/\/www.tikkakoski.fi\/index.php?rest_route=\/wp\/v2\/pages\/140\/revisions"}],"predecessor-version":[{"id":451,"href":"https:\/\/www.tikkakoski.fi\/index.php?rest_route=\/wp\/v2\/pages\/140\/revisions\/451"}],"wp:attachment":[{"href":"https:\/\/www.tikkakoski.fi\/index.php?rest_route=%2Fwp%2Fv2%2Fmedia&parent=140"}],"curies":[{"name":"wp","href":"https:\/\/api.w.org\/{rel}","templated":true}]}}